{"id":102,"date":"2019-02-27T23:16:12","date_gmt":"2019-02-27T22:16:12","guid":{"rendered":"http:\/\/mgc-pub.fr\/?page_id=102"},"modified":"2022-06-28T09:34:36","modified_gmt":"2022-06-28T07:34:36","slug":"buuuuhhh","status":"publish","type":"page","link":"https:\/\/mgc-pub.fr\/?page_id=102","title":{"rendered":"CONTACT"},"content":{"rendered":"\t\t<div data-elementor-type=\"wp-page\" data-elementor-id=\"102\" class=\"elementor elementor-102\">\n\t\t\t\t\t\t<div class=\"elementor-inner\">\n\t\t\t\t<div class=\"elementor-section-wrap\">\n\t\t\t\t\t\t\t\t\t<section class=\"elementor-section elementor-top-section elementor-element elementor-element-28aabb7 elementor-section-boxed elementor-section-height-default elementor-section-height-default\" data-id=\"28aabb7\" data-element_type=\"section\">\n\t\t\t\t\t\t<div class=\"elementor-container elementor-column-gap-default\">\n\t\t\t\t\t\t\t<div class=\"elementor-row\">\n\t\t\t\t\t<div class=\"elementor-column elementor-col-100 elementor-top-column elementor-element elementor-element-d5dc278\" data-id=\"d5dc278\" data-element_type=\"column\">\n\t\t\t<div class=\"elementor-column-wrap elementor-element-populated\">\n\t\t\t\t\t\t\t<div class=\"elementor-widget-wrap\">\n\t\t\t\t\t\t<div class=\"elementor-element elementor-element-8b772e8 elementor-invisible elementor-widget elementor-widget-text-editor\" data-id=\"8b772e8\" data-element_type=\"widget\" data-settings=\"{&quot;_animation&quot;:&quot;fadeIn&quot;}\" data-widget_type=\"text-editor.default\">\n\t\t\t\t<div class=\"elementor-widget-container\">\n\t\t\t\t\t\t\t\t<div class=\"elementor-text-editor elementor-clearfix\">\n\t\t\t\t<div role=\"complementary\">\n<div>\n<h4>Coordonn\u00e9es<\/h4>\n<div>\n<div><img decoding=\"async\" style=\"width: 22px;\" src=\"http:\/\/mgc-pub.fr\/wp-content\/uploads\/2020\/10\/gps.svg\" alt=\"gps\">&nbsp; Les Entrep\u00f4ts de la Farl\u00e8de,<br>&nbsp; &nbsp; &nbsp; &nbsp; Rue Pierre Gilles de Gennes,<br>&nbsp; &nbsp; &nbsp; &nbsp; 83210 La Farl\u00e8de (FRANCE)<br><span style=\"color: #008000;\"><a style=\"color: #008000;\" href=\"https:\/\/maps.google.com\/maps?z=16&amp;q=les%2Bentrep%C3%B4ts%2Bde%2Bla%2Bfarl%C3%A8de%2Brue%2Bpierre%2Bgilles%2Bde%2Bgennes%2B83210%2Bla%2Bfarl%C3%A8de%2B%28france%29\" target=\"_blank\" rel=\"noopener noreferrer\"><br><\/a><\/span><\/div>\n<div>\n<p><img decoding=\"async\" style=\"width: 22px;\" src=\"http:\/\/mgc-pub.fr\/wp-content\/uploads\/2020\/10\/icone_phone.svg\" alt=\"phone\"><span style=\"font-size: 17px;\"> 04 94 31 41 86<\/span><\/p>\n<\/div>\n<div>\n<p><img decoding=\"async\" style=\"width: 22px;\" src=\"http:\/\/mgc-pub.fr\/wp-content\/uploads\/2020\/10\/mail.svg\" alt=\"mail\">&nbsp; contact@mgc-textile.com<\/p>\n<\/div>\n<\/div>\n<\/div>\n<\/div>\t\t\t\t\t<\/div>\n\t\t\t\t\t\t<\/div>\n\t\t\t\t<\/div>\n\t\t\t\t<div class=\"elementor-element elementor-element-69b8f40 elementor-widget elementor-widget-google_maps\" data-id=\"69b8f40\" data-element_type=\"widget\" data-widget_type=\"google_maps.default\">\n\t\t\t\t<div class=\"elementor-widget-container\">\n\t\t\t\t\t<div class=\"elementor-custom-embed\">\n\t\t\t<iframe frameborder=\"0\" scrolling=\"no\" marginheight=\"0\" marginwidth=\"0\"\n\t\t\t\t\tsrc=\"https:\/\/maps.google.com\/maps?q=MGC%2C%20101%20Rue%20Pierre-Gilles%20de%20Gennes%2C%2083210%20La%20Farl%C3%A8de&#038;t=m&#038;z=16&#038;output=embed&#038;iwloc=near\"\n\t\t\t\t\ttitle=\"MGC, 101 Rue Pierre-Gilles de Gennes, 83210 La Farl\u00e8de\"\n\t\t\t\t\taria-label=\"MGC, 101 Rue Pierre-Gilles de Gennes, 83210 La Farl\u00e8de\"\n\t\t\t><\/iframe>\n\t\t<\/div>\n\t\t\t\t<\/div>\n\t\t\t\t<\/div>\n\t\t\t\t\t\t<\/div>\n\t\t\t\t\t<\/div>\n\t\t<\/div>\n\t\t\t\t\t\t\t\t<\/div>\n\t\t\t\t\t<\/div>\n\t\t<\/section>\n\t\t\t\t\t\t\t\t\t<\/div>\n\t\t\t<\/div>\n\t\t\t\t\t<\/div>\n\t\t","protected":false},"excerpt":{"rendered":"<p>Coordonn\u00e9es &nbsp; Les Entrep\u00f4ts de la Farl\u00e8de,&nbsp; &nbsp; &nbsp; &nbsp; Rue Pierre Gilles de Gennes,&nbsp; &nbsp; &nbsp; &nbsp; 83210 La Farl\u00e8de (FRANCE) 04 94 31 41 86 &nbsp; contact@mgc-textile.com<\/p>\n","protected":false},"author":1,"featured_media":0,"parent":0,"menu_order":0,"comment_status":"closed","ping_status":"closed","template":"","meta":{"spay_email":"","footnotes":""},"class_list":["post-102","page","type-page","status-publish","hentry"],"jetpack_sharing_enabled":true,"jetpack_shortlink":"https:\/\/wp.me\/PaKVLo-1E","jetpack-related-posts":[{"id":83,"url":"https:\/\/mgc-pub.fr\/?page_id=83","url_meta":{"origin":102,"position":0},"title":"PRINT","date":"27 f\u00e9vrier 2019","format":false,"excerpt":"CARTE DE VISITE La carte de visite est un outils essentiel pour communiquer. Petite et facile \u00e0 transporter.\u00a0Elle est parfaite pour laisser ses coordonn\u00e9es \u00e0 un client. FLYER Le flyer\u00a0 est parfait pour promouvoir le lancement d\u2019une activit\u00e9 ou le d\u00e9roulement d\u2019un \u00e9v\u00e8nement. Distribu\u00e9 \u00e0 un public le plus large\u2026","rel":"","context":"Article similaire","img":{"alt_text":"","src":"https:\/\/i0.wp.com\/mgc-pub.fr\/wp-content\/uploads\/2020\/10\/CV.jpg?resize=350%2C200","width":350,"height":200},"classes":[]}],"_links":{"self":[{"href":"https:\/\/mgc-pub.fr\/index.php?rest_route=\/wp\/v2\/pages\/102","targetHints":{"allow":["GET"]}}],"collection":[{"href":"https:\/\/mgc-pub.fr\/index.php?rest_route=\/wp\/v2\/pages"}],"about":[{"href":"https:\/\/mgc-pub.fr\/index.php?rest_route=\/wp\/v2\/types\/page"}],"author":[{"embeddable":true,"href":"https:\/\/mgc-pub.fr\/index.php?rest_route=\/wp\/v2\/users\/1"}],"replies":[{"embeddable":true,"href":"https:\/\/mgc-pub.fr\/index.php?rest_route=%2Fwp%2Fv2%2Fcomments&post=102"}],"version-history":[{"count":24,"href":"https:\/\/mgc-pub.fr\/index.php?rest_route=\/wp\/v2\/pages\/102\/revisions"}],"predecessor-version":[{"id":1105,"href":"https:\/\/mgc-pub.fr\/index.php?rest_route=\/wp\/v2\/pages\/102\/revisions\/1105"}],"wp:attachment":[{"href":"https:\/\/mgc-pub.fr\/index.php?rest_route=%2Fwp%2Fv2%2Fmedia&parent=102"}],"curies":[{"name":"wp","href":"https:\/\/api.w.org\/{rel}","templated":true}]}}

<div data-elementor-type="wp-page" data-elementor-id="102" class="elementor elementor-102">
						<div class="elementor-inner">
				<div class="elementor-section-wrap">
									<section class="elementor-section elementor-top-section elementor-element elementor-element-28aabb7 elementor-section-boxed elementor-section-height-default elementor-section-height-default" data-id="28aabb7" data-element_type="section">
						<div class="elementor-container elementor-column-gap-default">
							<div class="elementor-row">
					<div class="elementor-column elementor-col-100 elementor-top-column elementor-element elementor-element-d5dc278" data-id="d5dc278" data-element_type="column">
			<div class="elementor-column-wrap elementor-element-populated">
							<div class="elementor-widget-wrap">
						<div class="elementor-element elementor-element-8b772e8 elementor-invisible elementor-widget elementor-widget-text-editor" data-id="8b772e8" data-element_type="widget" data-settings="{&quot;_animation&quot;:&quot;fadeIn&quot;}" data-widget_type="text-editor.default">
				<div class="elementor-widget-container">
								<div class="elementor-text-editor elementor-clearfix">
				<div role="complementary">
<div>
<h4>Coordonnées</h4>
<div>
<div><img decoding="async" style="width: 22px;" src="http://mgc-pub.fr/wp-content/uploads/2020/10/gps.svg" alt="gps">&nbsp; Les Entrepôts de la Farlède,<br>&nbsp; &nbsp; &nbsp; &nbsp; Rue Pierre Gilles de Gennes,<br>&nbsp; &nbsp; &nbsp; &nbsp; 83210 La Farlède (FRANCE)<br><span style="color: #008000;"><a style="color: #008000;" href="https://maps.google.com/maps?z=16&amp;q=les%2Bentrep%C3%B4ts%2Bde%2Bla%2Bfarl%C3%A8de%2Brue%2Bpierre%2Bgilles%2Bde%2Bgennes%2B83210%2Bla%2Bfarl%C3%A8de%2B%28france%29" target="_blank" rel="noopener noreferrer"><br></a></span></div>
<div>
<p><img decoding="async" style="width: 22px;" src="http://mgc-pub.fr/wp-content/uploads/2020/10/icone_phone.svg" alt="phone"><span style="font-size: 17px;"> 04 94 31 41 86</span></p>
</div>
<div>
<p><img decoding="async" style="width: 22px;" src="http://mgc-pub.fr/wp-content/uploads/2020/10/mail.svg" alt="mail">&nbsp; contact@mgc-textile.com</p>
</div>
</div>
</div>
</div>					</div>
						</div>
				</div>
				<div class="elementor-element elementor-element-69b8f40 elementor-widget elementor-widget-google_maps" data-id="69b8f40" data-element_type="widget" data-widget_type="google_maps.default">
				<div class="elementor-widget-container">
					<div class="elementor-custom-embed">
			<iframe frameborder="0" scrolling="no" marginheight="0" marginwidth="0"
					src="https://maps.google.com/maps?q=MGC%2C%20101%20Rue%20Pierre-Gilles%20de%20Gennes%2C%2083210%20La%20Farl%C3%A8de&#038;t=m&#038;z=16&#038;output=embed&#038;iwloc=near"
					title="MGC, 101 Rue Pierre-Gilles de Gennes, 83210 La Farlède"
					aria-label="MGC, 101 Rue Pierre-Gilles de Gennes, 83210 La Farlède"
			></iframe>
		</div>
				</div>
				</div>
						</div>
					</div>
		</div>
								</div>
					</div>
		</section>
									</div>
			</div>
					</div>

<p>Coordonnées &nbsp; Les Entrepôts de la Farlède,&nbsp; &nbsp; &nbsp; &nbsp; Rue Pierre Gilles de Gennes,&nbsp; &nbsp; &nbsp; &nbsp; 83210 La Farlède (FRANCE) 04 94 31 41 86 &nbsp; contact@mgc-textile.com</p>

27 février 2019

CARTE DE VISITE La carte de visite est un outils essentiel pour communiquer. Petite et facile à transporter. Elle est parfaite pour laisser ses coordonnées à un client. FLYER Le flyer  est parfait pour promouvoir le lancement d’une activité ou le déroulement d’un évènement. Distribué à un public le plus large…
